 by (-1)/11 - (-14233)/473?
27
Let f(b) = 2*b**2 - 4. Let s be f(-2). Suppose -j = -s*z + 131, -21 - 66 = -3*z - 3*j. Let x(t) = -5*t - 4. Calculate the remainder when z is divided by x(-3).
10
Let k be -2*4/16*(-40 + 0). Suppose 2*n - 5*p + k - 138 = 0, -4*n = -2*p - 236. What is the remainder when n is divided by 31?
28
Let i = 6 - 3. Suppose -8*b + i*b + 70 = 0. Let s(f) = f**3 + 8*f**2 + 2*f - 8. What is the remainder when s(-7) is divided by b?
13
Suppose -185*z = 3*q - 182*z - 12, -2*q - z + 15 = 0. Let g be 4/10 + (-26)/(-10). What is the remainder when (-1)/(-3) + 59/g is divided by q?
9
Let q = -142 + 154. What is the remainder when 15 is divided by q?
3
Let j = 8 - 3. Suppose j*b = 5*m - 15, 2*b + 1 = 3. Suppose -m*t - 13 = -69. Calculate the remainder when 39 is divided by t.
11
Let f(d) = -d**2 + 8*d - 15. Let x be f(7). Let j(c) = -c**2 - 8*c - 3. Let a be j(x). Calculate the remainder when 36 is divided by (a + 4)*(18 - -1).
17
Suppose -239*y = -222*y - 255. What is the remainder when 247 is divided by y?
7
Suppose 225 = 5*p - 5*g, 2*p + 5*g - 139 + 42 = 0. Let u = -264 + 272. What is the remainder when p is divided by u?
6
Suppose -r + 73 = -3*z, -1 = 2*z + 1. Let j = r - 22. Calculate the remainder when j is divided by 13.
9
Suppose 2*a + 3*h = 25, 77 = 4*a - 4*h + h. Let d(x) = -60*x - 4. Let v(k) = k. Let t(u) = -d(u) + 3*v(u). What is the remainder when t(1) is divided by a?
16
Let s(t) = -13*t - 10. Suppose -5*k = o - 19 - 4, 4 = -2*o. Calculate the remainder when s(-4) is divided by k + 6 + (0 - 0).
9
Let i(s) = -s + 13. Suppose 4*p + 0*p = 4*j - 36, 4*j - 3*p = 33. Calculate the remainder when 19 is divided by i(j).
5
Let o(x) = x**2 + 6*x - 5. Calculate the remainder when (12/24)/(2/588) is divided by o(-11).
47
Let k be (0 + -2)/((-4)/6)*3. Suppose 176 + 184 = k*o. Calculate the remainder when 118 is divided by o.
38
Let y(x) = x**3 + 6*x**2 - 6*x - 12. Let a be 3/(-7) + (-351)/63. What is the remainder when 61 is divided by y(a)?
13
Suppose -6*w + 12443 = 17*w. What is the remainder when w is divided by 23?
12
Let n = -431 + 892. Calculate the remainder when n is divided by 77.
76
Suppose t = 16 + 17. What is the remainder when t is divided by (0 + 1)/((-25)/(-350))?
5
Calculate the remainder when (4 - 1 - -1) + 184*1 is divided by 32.
28
Suppose -2*x - 3*i + 584 = 0, -3*x - 5*i + 838 = -10*i. Suppose 5*b = -5, -3*a + 0*b = -4*b - x. What is the remainder when a is divided by 24?
22
Let h(y) = 30*y + 10. Let d be h(-5). What is the remainder when (-5)/(d/(-8)) - 1161/(-21) is divided by 7?
6
Let c(a) = 17*a + 101. Calculate the remainder when c(0) is divided by 21.
17
Let p(k) be the third derivative of k**5/60 + 13*k**2. Let l be p(3). What is the remainder when 43 is divided by 2*(-1 + l)*1?
11
Let j = -5 + -4. Let p = -1473 + 1483. What is the remainder when (-1016)/(-36) + 2/j is divided by p?
8
Let h(c) = c**2 + 8*c + 9. Let o be h(-2). Let x(a) = -17*a + 1. Calculate the remainder when x(o) is divided by 19.
14
Let b be (24/18)/((-4)/(-18)). Suppose b*x - x = 15. Let m(w) = 11*w**2 + 3*w. Calculate the remainder when m(x) is divided by 37.
34
Let z be 24/20*(-15)/(-6). Suppose z*b = -15, -b = s + 2 + 1. Suppose 5*y = -s*c + 20, -7 - 1 = -2*y - 2*c. What is the remainder when 13 is divided by y?
1
Let x(t) = -t**2 - 3*t - 3. Let j be x(-3). Let n be 1/j - 138/(-9). Suppose h = n - 3. Calculate the remainder when 23 is divided by h.
11
Suppose 3*h + 4 = 2*k - 3*k, 3*h + 2 = -2*k. Let i = -32 - -34. Let g = k + i. Calculate the remainder when 6 is divided by g.
2
Let i = -1 + 71. Let g = i - 45. Suppose 0 = 2*o - 7*o + 65. What is the remainder when g is divided by o?
12
Suppose -r + 459 = 16*r. Calculate the remainder when 539 is divided by r.
26
Let o = 1817 - 1558. Calculate the remainder when o is divided by 20.
19
Let p(h) = 8*h + 37. Calculate the remainder when 409 is divided by p(4).
64
Suppose -2*p - 7*k + 4*k + 218 = 0, 3*p + 5*k = 326. Calculate the remainder when p is divided by 31.
19
Let h(w) = w**3 - 8*w**2 + 9*w + 9. Let l be h(7). Let s = l + -16. Calculate the remainder when 13 is divided by s.
6
Suppose 0*m + m = 10. Let j = m - 10. Suppose 0*y - 3*a + 137 = 2*y, j = -2*a - 2. What is the remainder when y is divided by 18?
16
Let k be 22/8 - 1/(-4). Suppose k*l + 20 = 59. Calculate the remainder when 1/(-3*4/(-612)) is divided by l.
12
Suppose -3*h = 0, 52*h - 56*h + 4 = f. Let v = 15 - 2. Calculate the remainder when v is divided by f.
1
Let c be (-1652)/(-7) - (1 - 1). Suppose c = 2*z + 38. Calculate the remainder when z is divided by 50.
49
Suppose p - 2 = 0, -2*p + 74 = 8*u - 3*u. Let c = 8 - 5. Suppose 70 + 8 = c*t. Calculate the remainder when t is divided by u.
12
Calculate the remainder when 56 is divided by 2/(-1) + (8 - -16).
12
Let s be 2/(-1 - -2) + 0. Let z(r) be the first derivative of 2*r**3 - 2*r**2 + 2*r + 26. What is the remainder when 53 is divided by z(s)?
17
Let l be 1/((-1)/(-2 + 0)). Suppose 5*s + 28 + l = 0. What is the remainder when 42 + -1 - (s + 8) is divided by 14?
11
Let u(l) = l**3 + 5*l**2 + 3*l - 3. Let z be -3 - (-1 + 4 + -3). Let s be u(z). Calculate the remainder when ((-354)/(-8))/(s/16) is divided by 30.
28
Let x = -745 + 912. Calculate the remainder when x is divided by 43.
38
Let g(l) = -l**3 - 2*l**2 - l + 1. Let o(t) = t**3 - t**2 - t - 1. Let y(i) = g(i) - 2*o(i). What is the remainder when 97 is divided by y(-2)?
22
Let j = -2137 + 2574. Calculate the remainder when j is divided by 37.
30
Suppose -2*w + 3*o = 33 + 1, 5*o = w + 31. Let f(a) = a**2 + 9*a - 21. Calculate the remainder when 5 is divided by f(w).
0
Let m(c) = c**2 - c + 9. What is the remainder when 76 is divided by m(0)?
4
What is the remainder when ((-9)/63 + 2354/14)*1 is divided by 10?
8
Let i(j) = 383*j + 4. Let p be i(1). Let w = p + -274. Calculate the remainder when w is divided by 39.
35
Suppose -3*p - 5*z = 31, 11 + 4 = -5*p - z. Let h be p/7 - (-23)/7. Suppose 0 = 5*j + 15, h*d - 4*j - 15 = 57. Calculate the remainder when 79 is divided by d.
19
Let s(h) = 11*h - 2. Let f be (1 + 5)*(-1)/(-2). Calculate the remainder when 4*((-1210)/(-8))/5 is divided by s(f).
28
Suppose 1058 = -26*q + 6466. What is the remainder when q is divided by 35?
33
Let q(k) = k - 3. Let v be q(11). Calculate the remainder when 18 + (2 - (-2)/2) is divided by (1 + 11)/(-7 + v).
9
Suppose 13*r = 666 - 146. Calculate the remainder when r is divided by 19.
2
Let q be (-21 - -20)*(0 - 6). Let w(u) = 4*u - 18. Let l = 12 - -2. Calculate the remainder when l is divided by w(q).
2
Let g = 242 + 58. Calculate the remainder when 63 is divided by 3/(-9) + g/9.
30
Suppose 3*r - 4*p - 1033 = 0, -3*p + 2 = -5*p. Calculate the remainder when r is divided by 8.
7
Let y(u) = 3*u**2 + 3*u - 4. Let x be y(-2). Let k(b) = -3*b + b**3 - x*b**2 + b**2 + 32 - 10 + 5*b. Calculate the remainder when 65 is divided by k(0).
21
Let u(c) = 3*c + 4. Let p(r) = -2*r - 9. Let a be p(-6). Calculate the remainder when (-3)/((-193)/(-49) - 16/4) is divided by u(a).
10
Let l be (111/(-3) + 4)/(-1). Let w = 35 - l. Suppose 4*m = w*m + 74. Calculate the remainder when m is divided by 10.
7
Suppose i - 16 = -o, -5*o - 2*i + 60 = -i. Let c be o/((-16)/4 + 5). Let n = 19 - c. Calculate the remainder when 13 is divided by n.
5
Suppose -11*c = -374 - 242. What is the remainder when 1005 is divided by c?
53
Suppose v - 20 = 23. Suppose 2*y = 2*n - 8, -2*y = n + 3 - 4. Suppose 0 = n*x - 5*r - 74, -3*x + 4*r = -8*x + 111. What is the remainder when v is divided by x?
20
Suppose -4 = 4*o, 0 = -5*r + 10*r - 5*o - 15. What is the remainder when 27 is divided by 3 + (-16)/r - -8?
0
Let i be ((-4)/8)/(2/308). Let w = i + 148. Calculate the remainder when w is divided by 24.
23
Let u(g) = -3*g**2 - 13*g + 7. Let s be u(-10). Let q = -69 - s. Let b(f) = -f**3 - 3*f**2 - 4*f. Calculate the remainder when q is divided by b(-4).
30
Calculate the remainder when 434 is divided by (-3266)/(-30) + (-16)/(-120).
107
Let g be ((-12)/(-36))/((-1)/15). What is the remainder when 3/g*4/(8/(-90)) is divided by 9?
0
Let o = 19 - 14. Let k(w) = w**3 + 6*w**2 + w + 3. Let q be k(-5). Suppose o*y = 12 + q. Calculate the remainder when 18 is divided by y.
4
Let j(h) = 64